 318 and 162?
6
Calculate the highest common divisor of 2 and 4586.
2
Calculate the greatest common divisor of 2668 and 348.
116
What is the greatest common factor of 1421 and 58?
29
Calculate the greatest common divisor of 60 and 710.
10
What is the greatest common factor of 6 and 768?
6
What is the greatest common factor of 605 and 968?
121
Calculate the highest common divisor of 3632 and 16.
16
Calculate the greatest common factor of 216 and 16.
8
What is the highest common divisor of 923 and 11573?
71
What is the highest common factor of 529 and 161?
23
Calculate the greatest common divisor of 44 and 4268.
44
Calculate the greatest common factor of 15 and 4945.
5
What is the greatest common divisor of 4030 and 93?
31
What is the greatest common factor of 4348 and 4?
4
Calculate the highest common divisor of 3430 and 140.
70
What is the greatest common factor of 75 and 6?
3
What is the greatest common factor of 234 and 24?
6
What is the highest common divisor of 3367 and 370?
37
What is the highest common divisor of 123266 and 11?
11
What is the greatest common divisor of 4797 and 936?
117
Calculate the greatest common factor of 2 and 1806.
2
Calculate the highest common factor of 4867 and 62.
31
Calculate the highest common divisor of 19 and 1501.
19
Calculate the highest common divisor of 6358 and 306.
34
Calculate the greatest common factor of 46 and 6.
2
Calculate the highest common divisor of 9022 and 26.
26
Calculate the greatest common factor of 65 and 265.
5
Calculate the greatest common divisor of 520 and 78.
26
What is the greatest common factor of 420 and 2730?
210
Calculate the greatest common divisor of 231 and 42.
21
Calculate the greatest common divisor of 11 and 352.
11
What is the greatest common divisor of 33 and 46673?
11
Calculate the highest common divisor of 68 and 6341.
17
What is the greatest common divisor of 4 and 17?
1
Calculate the greatest common divisor of 1950 and 12.
6
Calculate the greatest common divisor of 9 and 768.
3
Calculate the highest common factor of 208 and 144.
16
Calculate the greatest common divisor of 224 and 98.
14
Calculate the greatest common divisor of 492 and 12.
12
Calculate the greatest common divisor of 1748 and 76.
76
Calculate the greatest common factor of 3082 and 184.
46
What is the highest common divisor of 4010 and 10?
10
What is the highest common factor of 280 and 175?
35
Calculate the greatest common divisor of 69 and 368.
23
Calculate the highest common divisor of 225 and 27.
9
Calculate the greatest common divisor of 5 and 635.
5
What is the greatest common divisor of 2240 and 35?
35
Calculate the highest common divisor of 49 and 1253.
7
What is the highest common factor of 60 and 4880?
20
What is the greatest common factor of 172 and 86?
86
What is the highest common factor of 160 and 5?
5
What is the highest common divisor of 2176 and 68?
68
What is the highest common factor of 2275 and 260?
65
Calculate the greatest common divisor of 782 and 6.
2
What is the highest common factor of 73 and 292?
73
Calculate the highest common factor of 1616 and 101.
101
What is the highest common factor of 14 and 1743?
7
Calculate the highest common factor of 3924 and 109.
109
Calculate the highest common divisor of 90 and 1935.
45
What is the highest common factor of 3201 and 165?
33
What is the highest common factor of 4522 and 2394?
266
What is the greatest common factor of 11786 and 142?
142
Calculate the greatest common divisor of 84 and 8652.
84
Calculate the greatest common factor of 2027 and 1.
1
Calculate the highest common factor of 1751 and 34.
17
What is the highest common divisor of 74 and 814?
74
What is the greatest common factor of 6 and 2427?
3
What is the greatest common factor of 321 and 3?
3
What is the greatest common factor of 336 and 63?
21
Calculate the highest common factor of 58 and 5.
1
What is the greatest common factor of 105 and 345?
15
Calculate the highest common divisor of 22903 and 37.
37
What is the greatest common factor of 2093 and 91?
91
What is the greatest common factor of 234 and 27?
9
What is the highest common factor of 2261 and 1064?
133
Calculate the greatest common divisor of 12 and 204.
12
What is the greatest common divisor of 210 and 294?
42
Calculate the highest common factor of 21 and 672.
21
What is the greatest common factor of 182 and 26?
26
What is the highest common divisor of 4505 and 255?
85
What is the greatest common divisor of 9 and 2547?
9
What is the greatest common divisor of 99 and 11?
11
Calculate the highest common divisor of 45 and 255.
15
What is the greatest common divisor of 12575 and 100?
25
Calculate the greatest common divisor of 144 and 90.
18
Calculate the greatest common factor of 496 and 48.
16
What is the greatest common factor of 438 and 12?
6
What is the greatest common divisor of 226 and 4?
2
Calculate the greatest common factor of 407 and 148.
37
Calculate the highest common divisor of 2620 and 20.
20
Calculate the greatest common factor of 935 and 330.
55
Calculate the greatest common divisor of 1134 and 98.
14
Calculate the highest common factor of 781 and 71.
71
What is the highest common divisor of 36 and 54?
18
Calculate the greatest common divisor of 100 and 2560.
20
What is the greatest common factor of 15160 and 80?
40
Calculate the highest common factor of 152 and 1007.
19
Calculate the highest common factor of 5721 and 6.
3
Calculate the greatest common divisor of 48321 and 13.
13
Calculate the greatest common factor of 54 and 297.
27
What is the highest common divisor of 72 and 8?
8
Calculate the greatest common factor of 72852 and 156.
156
What is the greatest common factor of 120 and 705?
15
What is the greatest common divisor of 100 and 1550?
50
Calculate the greatest common divisor of 84 and 288.
12
What is the highest common factor of 1424 and 48?
16
What is the highest common divisor of 224 and 768?
32
Calculate the greatest common divisor of 1113 and 273.
21
Calculate the highest common factor of 165 and 14190.
165
Calculate the highest common factor of 108 and 297.
27
What is the highest common divisor of 1827 and 504?
63
What is the highest common factor of 282 and 12?
6
What is the highest common factor of 495 and 540?
45
What is the greatest common divisor of 7 and 2?
1
Calculate the highest common divisor of 33 and 15.
3
What is the highest common factor of 20878 and 572?
286
Calculate the greatest common factor of 1584 and 54.
18
What is the highest common divisor of 567 and 14?
7
Calculate the highest common factor of 4 and 172.
4
What is the highest common factor of 16 and 834?
2
What is the highest common factor of 735 and 70?
35
Calculate the highest common divisor of 6 and 51.
3
Calculate the highest common factor of 912 and 48.
48
What is the highest common factor of 16090 and 10?
10
What is the greatest common factor of 9 and 56394?
9
Calculate the greatest common divisor of 98208 and 341.
341
Calculate the greatest common factor of 160 and 96.
32
What is the highest common factor of 22 and 15?
1
Calculate the greatest common divisor of 592 and 74.
74
What is the greatest common factor of 548 and 6439?
137
What is the greatest common divisor of 91380 and 60?
60
What is the greatest common factor of 34 and 391?
17
Calculate the greatest common factor of 609 and 21.
21
What is the greatest common factor of 5 and 985?
5
What is the greatest common factor of 825 and 44?
11
Calculate the greatest common divisor of 390 and 26.
26
Calculate the highest common factor of 122 and 44.
2
Calculate the greatest common divisor of 210 and 315.
105
What is the highest common factor of 133 and 35?
7
What is the highest common factor of 182 and 21?
7
What is the highest common factor of 52 and 12532?
52
What is the highest common divisor of 247 and 507?
13
What is the greatest common factor of 14300 and 130?
130
What is the greatest common factor of 96919 and 19?
19
Calculate the greatest common divisor of 435 and 696.
87
Calculate the greatest common divisor of 81 and 531.
9
Calculate the greatest common divisor of 721 and 103.
103
What is the greatest common factor of 3794 and 7?
7
Calculate the highest common factor of 36751 and 143.
143
What is the highest common factor of 480 and 1056?